et r be 1 + 1*(3 - 1). Suppose b - 740 = -r*b. Is b a prime number?
False
Let y = -39 + 76. Is y a prime number?
True
Suppose 0 = -7*k + 47 + 1290. Is k a prime number?
True
Suppose 4*c - 92 = 264. Is c prime?
True
Let x(u) = 2*u**2 - 8*u + 7. Let r be x(6). Let s = r - -22. Is s a composite number?
False
Let z = 1142 + -811. Is z a prime number?
True
Is -38*2/4*-1 a composite number?
False
Let g be (-8)/((-12)/(-3))*-2. Suppose -g*q - 3*k + 528 = -115, 0 = 4*k - 20. Is q a composite number?
False
Suppose 5*b + 0*b = -o + 18, 0 = -5*o + 5*b. Suppose o*t - 131 = 160. Is t composite?
False
Let h be ((-522)/(-2))/(9/6). Suppose g - h = -g - 2*q, 2*g + 5*q - 174 = 0. Is g a prime number?
False
Let d(j) = -j**2 + 13*j + 3. Suppose 5*c = 57 - 2. Let g be d(c). Suppose 5*h = 830 - g. Is h a prime number?
False
Suppose -6*m - 1152 = -2*y - 3*m, 4*y - 2*m - 2312 = 0. Is y composite?
True
Let s be (0 - 68) + -1 + 0. Let b be s/(-2)*56/(-6). Let x = -195 - b. Is x composite?
False
Let o(s) = -s**3 - 5*s**2 - 5*s - 1. Let l be o(-4). Suppose 15 = -l*i, 4*z + 0*z - i - 1521 = 0. Is z a composite number?
False
Suppose 9*i = 14*i - 4255. Is i a prime number?
False
Let c be (1/(-2))/((-2)/(-4)). Let j(v) = v**3 - 3*v**2 + 2*v - 3. Let z be j(2). Let u = c - z. Is u composite?
False
Let s = 7 + -4. Suppose -201 = -6*d + s*d. Is d prime?
True
Let c be (-2)/6 + (-1)/(-3). Suppose c = 3*f - 352 - 833. Suppose 6*h - f = h. Is h a composite number?
False
Suppose -7*m + 12*m - 325 = 0. Suppose -4*q = -a + m - 22, -q = a - 33. Is a a prime number?
False
Let m = -20 - -19. Is (163/(-2))/(m/2) a prime number?
True
Suppose 3*g - 1185 = -0*g. Is g prime?
False
Let w(y) be the third derivative of 1/6*y**3 - 1/60*y**5 - 1/24*y**4 + 0 + 0*y - 47/60*y**6 - y**2. Is w(-2) prime?
True
Suppose 0 = 4*b - 8, 4*b = 3*w + 2*w - 2087. Is w a composite number?
False
Suppose 49 = -h + 2*x - 392, 1782 = -4*h + 2*x. Let m = -190 - h. Is m a prime number?
True
Suppose -2*p - 5*y = -758, 2*p - 379 = p - 3*y. Is p a composite number?
False
Let l(o) = -o**3 + 4*o**2 + o - 2. Let z be l(4). Suppose -2*v = 3*v - 5*r - 145, 2*r - 62 = -z*v. Suppose -17 - v = -k. Is k a prime number?
True
Let a(b) = -400*b. Let g be a(-1). Let y = -262 + g. Suppose 5*l + 141 = 2*d - y, 3*l = -15. Is d prime?
True
Let v be (-1)/((-81)/(-21) + -4). Suppose -10*n + 699 = -v*n. Is n a composite number?
False
Let s(h) = -h**2 + 6*h - 3. Suppose -3*m = -12 - 0. Let c be s(m). Suppose -105 = -c*p + 2*p. Is p composite?
True
Suppose -h - 9 = -3*x, -5*x - h + 15 = -2*h. Suppose -2767 = -x*o + l - 3*l, -5*o + 4615 = 5*l. Is o a prime number?
False
Suppose 5*b = 20, -p - 5*b = -5*p + 3696. Is p a composite number?
False
Let g(i) = 2*i + 14. Let p be g(-11). Is 515 - (8 + 4 + p) prime?
False
Suppose 145 = -5*b + v + 16, 0 = 5*v - 20. Let f = 33 - b. Is f composite?
True
Suppose -2 = 3*c - 2*c. Let k be (-3)/c*(-4)/3. Is k/(-6) - 232/(-6) composite?
True
Let z = 912 - 466. Suppose 0 = -4*t + 2*t + z. Is t composite?
False
Let z(t) = -1 + 4 + t + 7. Let h be z(-5). Suppose -362 = -h*l + 2*d, -3*d = 3*l + l - 308. Is l a prime number?
False
Let m(r) = -r + 4. Let k be (16 - 2) + (-1 - 1). Suppose -4*l = -2*l + k. Is m(l) a prime number?
False
Let p = 31 - 124. Let h(l) = l + 344. Let q be h(0). Let z = p + q. Is z a composite number?
False
Let n(r) = -2*r - 10. Let i be n(-7). Suppose -20 = -i*f + 120. Is f a composite number?
True
Is 4/(-5) - 17535/(-75) composite?
False
Let r = 918 - 121. Is r prime?
True
Let j(g) = g**3 + 4*g**2 + 5. Let h be j(-4). Suppose h*m - 565 + 20 = 0. Is m composite?
False
Suppose 0 = n - 5*n - 268. Let f = 113 + n. Is f composite?
True
Is (35/3 + -3)/((-2)/(-51)) a prime number?
False
Let j be -2*(-38)/3*3. Let m = 132 - j. Suppose -3*r - m = -7*r. Is r a composite number?
True
Suppose -y - y - 3 = -5*z, 3*y - 3*z = 0. Is 159*(0 - y)/(-1) a composite number?
True
Suppose 5*u + 0*i - 1017 = -4*i, 2*u + 4*i - 414 = 0. Is u prime?
False
Let b = -34 - -95. Let f = -10 + b. Is f composite?
True
Let y(q) = 0 + 120*q + 5 - 6. Is y(8) a prime number?
False
Let k(n) = 32*n**2 - n + 13. Is k(-14) composite?
False
Let s(n) = 33*n**3 - n**2 - 2*n - 1. Let h be s(-1). Let i be 4/22 - (-1557)/h. Let w = i + 66. Is w prime?
True
Let n = -10 + 2. Let h be 2/n - 18/(-8). Suppose 2*a = -h + 4, -4*a = 4*j - 312. Is j prime?
False
Let t(q) = q**2 + q - 3. Suppose 2*s + s = 0. Let k be t(s). Is 26/(k/(-9)*2) prime?
False
Suppose -3*s - 1826 = 5*o - s, -4*s = -8. Let w = o - -617. Is w composite?
False
Is (-9)/6*3/9*-1082 a composite number?
False
Suppose 0*b + 5*b - 5 = 0. Let r be b - 0/(-1 - 2). Is -2 - r/(-1)*93 prime?
False
Let b = 14 - 14. Suppose b*l = -2*l + 382. Is l composite?
False
Let q be 2 + 0/(-1) + 15. Let d = 50 - q. Is d composite?
True
Suppose 4*i - 31 = 161. Let u = 493 - i. Is u composite?
True
Suppose 0 = 4*k + k - 2235. Is k prime?
False
Let v(t) = 4*t - 9. Is v(7) prime?
True
Suppose 4*f + 5*l = 5459, -6*l - 5429 = -4*f - l. Is f a composite number?
False
Suppose 2*c + 10 = -4*a, -6*c - 5 = -4*c + 3*a. Suppose 379 = 5*f - 2*z - 368, 5*z = -c. Is f a composite number?
False
Suppose 12 = 4*w - 2*t, t = -0*t + 2. Suppose -l - 111 = -w*l. Is l a composite number?
False
Let a(m) = 1190*m - 9. Is a(2) prime?
True
Suppose 6*t - 3111 - 1917 = 0. Is t a prime number?
False
Suppose 3403 = 3*k + 742. Is k prime?
True
Let h(x) = -8 - x + x**3 + 0*x**3 + 41 - x**2. Let b(g) = -g + 7. Let z be b(7). Is h(z) composite?
True
Let u = -31 + 348. Is u a prime number?
True
Suppose 3*i + 0*i - 324 = 0. Let z = -71 + i. Is z a prime number?
True
Suppose -3*g + 36 = n, 5*n - 40 + 4 = -3*g. Suppose -3*k = k - g. Suppose -k*z + 294 = 3*f, 2*z + 0*z = 4*f + 190. Is z composite?
False
Suppose 0 = 3*k - 308 + 35. Is k a composite number?
True
Let c = 2016 - 535. Is c composite?
False
Suppose -v = -0*z - 3*z + 798, 5*z - 1319 = -2*v. Is z composite?
True
Let n = -65 - -148. Is n a prime number?
True
Let v = 213 - -74. Is v composite?
True
Suppose -38 = 4*r - 5*u, 3*r + 10 = -u - 9. Is (-2 - -9)/(r/(-161)) composite?
True
Suppose -2*c = 2*j - 618, -c + 582 = 2*j - 34. Is j a prime number?
True
Let g = 118 - 39. Suppose -3*f + 161 = -4*b, g = f - 2*b + 24. Is f composite?
True
Let x(v) = v**2 + v - 1. Let s(m) = m - 1. Let l(c) = 3*s(c) - 2*x(c). Let q be l(1). Is (42/10)/(q/(-10)) composite?
True
Let b(y) = -y + 19. Let h = 0 - 0. Is b(h) a prime number?
True
Suppose x + 21 = 4*v, -5*v + x = -3 - 23. Suppose -5*f = -c - c + 39, c + 18 = -v*f. Is c a composite number?
False
Let d(h) = -h + 8. Let c be d(0). Let r = c + -2. Let a = 13 - r. Is a a composite number?
False
Let a(n) = 26*n**2 - 2*n - 1. Let t be a(3). Let b(x) = 96*x**2 + 2*x - 2. Let i be b(2). Let o = i - t. Is o composite?
True
Let c be (27/(-12))/((-9)/24). Let d = 11 - c. Suppose 0 = -d*f + 25, 4*r + 3*f - 89 = 26. Is r a composite number?
True
Let q(a) = -2*a - 2*a + 5*a + 36*a**2. Let b be (2/(-3))/(2/(-3)). Is q(b) composite?
False
Let z(x) = -2*x - 5. Let r be z(-7). Suppose 0 = 5*k - r*k + 236. Is k prime?
True
Let w(t) = -11*t**2 + 9*t + 3. Let h(d) = -6*d**2 + 5*d + 2. Let a(r) = 7*h(r) - 4*w(r). Is a(-3) prime?
True
Let r(i) = 199*i**2 + 1. Is r(2) a prime number?
True
Let r = 75 + 52. Is r a composite number?
False
Suppose -2*d + 631 + 532 = 3*p, d + 780 = 2*p. Is p a prime number?
True
Let u be (-15)/(-10)*280/(-6). Let i = 109 + u. Is i a composite number?
True
Suppose -162 = -w + 184. Is w prime?
False
Suppose 5*i + 2*u = -15, 3*u - 9 = 4*i + 3. Is (57/6)/(i/(-12)) a composite number?
True
Suppose -2*m + 0*m + 582 = 0. Is m prime?
False
Suppose -5*o + 143 = 2*l, 0*o = -3*o - 9. Is l prime?
True
Suppose -v - 4*v + 125 = 3*a, -92 = -4*v - 4*a. Let r be (21/v)/((-1)/(-432)). Is r/7 - (-2)/(-7) composite?
True
Suppose 3*n + 3*g - 15 = 0, -g + 8 = 4*n - 21. Let u be ((-12)/n)/(1/180). Let f = u - -383. Is f a composite number?
False
Let v(r) = -r**3 + 7*r**2 - 3*r + 7. Is v(6) prime?
False
Let h(v) be the third derivative of 2*v**5/15 + v**4/8 + v**3/3 - v**2. Is h(3) a composite number?
False
Suppose 3*f - 2*f = 557. Is f prime?
True
Let f(h) = -2*h**2 + h - 3. Let n(z) = z - 7. Let t be n(10). Let m be f(t). Let q = m - -25. Is q a composite nu